{"id":1087,"date":"2020-06-09T09:35:15","date_gmt":"2020-06-09T09:35:15","guid":{"rendered":"https:\/\/krajczar.info\/?post_type=szolgaltatasok&#038;p=1087"},"modified":"2020-06-19T07:16:56","modified_gmt":"2020-06-19T07:16:56","slug":"diploma-es-eletkezdesi-program","status":"publish","type":"szolgaltatasok","link":"https:\/\/krajczar.info\/?szolgaltatasok=diploma-es-eletkezdesi-program","title":{"rendered":"Diploma \u00e9s \u00e9letkezd\u00e9si program"},"content":{"rendered":"\n<p>A tan\u00edttat\u00e1si k\u00f6lts\u00e9g mag\u00e1ba foglalja a nemzetk\u00f6zi h\u00edr\u0171 hazai \u00e9s k\u00fclf\u00f6ldi fels\u0151oktat\u00e1si int\u00e9zm\u00e9nyek tand\u00edjait, a bel- \u00e9s k\u00fclf\u00f6ldi bentlak\u00e1s k\u00f6lts\u00e9geit, az el\u0151k\u00e9sz\u00edt\u0151 tanfolyamok, a bel \u00e9s k\u00fclf\u00f6ldi nyelvtanfolyamok, a mag\u00e1n \u00e9s nyelvtan\u00e1rok, a tank\u00f6nyvek, valamint az utaz\u00e1s k\u00f6lts\u00e9geit.<\/p>\n\n\n\n<p><strong>Felhalmoz\u00e1si id\u0151szak: 3-18 \u00e9ves kor k\u00f6z\u00f6tt.<\/strong><\/p>\n\n\n\n<p><strong>Kinek aj\u00e1nlott a tan\u00edttat\u00e1s tudatos megtervez\u00e9se?<\/strong><\/p>\n\n\n\n<p>Azoknak a sz\u00fcl\u0151knek, akik mindig szem el\u0151tt tartj\u00e1k gyermek\u00fck tan\u00edttat\u00e1s\u00e1nak a fontoss\u00e1g\u00e1t.<br>Azoknak a sz\u00fcl\u0151knek, akik nem akarj\u00e1k a v\u00e9letlenre b\u00edzni, hogy gyermek\u00fck tov\u00e1bbtanulhat-e Magyarorsz\u00e1g legjobb egyetem\u00e9n.<br>Azoknak a sz\u00fcl\u0151knek, akik szeretn\u00e9k megteremteni a gyermek\u00fck k\u00fclf\u00f6ldi tanulm\u00e1nyainak a lehet\u0151s\u00e9g\u00e9t.<\/p>\n\n\n\n<p><br><strong>Az \u00f6n\u00e1ll\u00f3 \u00e9letkezd\u00e9s megtervez\u00e9se:<\/strong><\/p>\n\n\n\n<p>A gyermek \u00f6n\u00e1ll\u00f3 \u00e9letkezd\u00e9se mag\u00e1ba foglalja az els\u0151 lak\u00e1s megv\u00e1s\u00e1rl\u00e1s\u00e1nak \u00e9s berendez\u00e9s\u00e9nek k\u00f6lts\u00e9g\u00e9t, az els\u0151 aut\u00f3 megv\u00e1s\u00e1rl\u00e1s\u00e1nak a k\u00f6lts\u00e9g\u00e9t, valamint az esk\u00fcv\u0151i k\u00f6lts\u00e9geket.<\/p>\n\n\n\n<p><strong>Felhalmoz\u00e1si id\u0151szak: 3-27 kor k\u00f6z\u00f6tt.<\/strong><\/p>\n\n\n\n<p><strong>Kinek aj\u00e1nlott a gyermek \u00f6n\u00e1ll\u00f3 \u00e9letkezd\u00e9s\u00e9nek tudatos megtervez\u00e9se?<\/strong><\/p>\n\n\n\n<p>Azoknak a sz\u00fcl\u0151knek, akik szeretn\u00e9k biztos\u00edtani a gyermek\u00fck anyagi j\u00f6v\u0151j\u00e9t a f\u0151iskolai, egyetemi \u00e9vek ut\u00e1n is.<br>Azoknak a sz\u00fcl\u0151knek, akik tiszt\u00e1ban vannak a p\u00e1lyakezd\u0151 fiatalok lak\u00e1sv\u00e1s\u00e1rl\u00e1si es\u00e9lyeivel.<br>Azoknak a sz\u00fcl\u0151knek, akik egy igaz\u00e1n \u00e9rt\u00e9kes aj\u00e1nd\u00e9kkal szeretn\u00e9k meglepni a gyermek\u00fcket az esk\u00fcv\u0151je alkalm\u00e1b\u00f3l.<\/p>\n","protected":false},"featured_media":1389,"template":"","_links":{"self":[{"href":"https:\/\/krajczar.info\/index.php?rest_route=\/wp\/v2\/szolgaltatasok\/1087"}],"collection":[{"href":"https:\/\/krajczar.info\/index.php?rest_route=\/wp\/v2\/szolgaltatasok"}],"about":[{"href":"https:\/\/krajczar.info\/index.php?rest_route=\/wp\/v2\/types\/szolgaltatasok"}],"wp:featuredmedia":[{"embeddable":true,"href":"https:\/\/krajczar.info\/index.php?rest_route=\/wp\/v2\/media\/1389"}],"wp:attachment":[{"href":"https:\/\/krajczar.info\/index.php?rest_route=%2Fwp%2Fv2%2Fmedia&parent=1087"}],"curies":[{"name":"wp","href":"https:\/\/api.w.org\/{rel}","templated":true}]}}

Diploma és életkezdési program

<p>A taníttatási költség magába foglalja a nemzetközi hírű hazai és külföldi felsőoktatási intézmények tandíjait, a bel- és külföldi bentlakás költségeit, az előkészítő tanfolyamok, a bel és külföldi nyelvtanfolyamok, a magán és nyelvtanárok, a tankönyvek, valamint az utazás költségeit.</p>



<p><strong>Felhalmozási időszak: 3-18 éves kor között.</strong></p>



<p><strong>Kinek ajánlott a taníttatás tudatos megtervezése?</strong></p>



<p>Azoknak a szülőknek, akik mindig szem előtt tartják gyermekük taníttatásának a fontosságát.<br>Azoknak a szülőknek, akik nem akarják a véletlenre bízni, hogy gyermekük továbbtanulhat-e Magyarország legjobb egyetemén.<br>Azoknak a szülőknek, akik szeretnék megteremteni a gyermekük külföldi tanulmányainak a lehetőségét.</p>



<p><br><strong>Az önálló életkezdés megtervezése:</strong></p>



<p>A gyermek önálló életkezdése magába foglalja az első lakás megvásárlásának és berendezésének költségét, az első autó megvásárlásának a költségét, valamint az esküvői költségeket.</p>



<p><strong>Felhalmozási időszak: 3-27 kor között.</strong></p>



<p><strong>Kinek ajánlott a gyermek önálló életkezdésének tudatos megtervezése?</strong></p>



<p>Azoknak a szülőknek, akik szeretnék biztosítani a gyermekük anyagi jövőjét a főiskolai, egyetemi évek után is.<br>Azoknak a szülőknek, akik tisztában vannak a pályakezdő fiatalok lakásvásárlási esélyeivel.<br>Azoknak a szülőknek, akik egy igazán értékes ajándékkal szeretnék meglepni a gyermeküket az esküvője alkalmából.</p>
